{"id":228,"date":"2023-12-07T21:43:26","date_gmt":"2023-12-07T20:43:26","guid":{"rendered":"http:\/\/isb.info.pl\/?page_id=228"},"modified":"2023-12-07T21:43:27","modified_gmt":"2023-12-07T20:43:27","slug":"kontrola-dostepu","status":"publish","type":"page","link":"https:\/\/isb.info.pl\/index.php\/kontrola-dostepu\/","title":{"rendered":"KONTROLA DOST\u0118PU"},"content":{"rendered":"\n<p>Automaty bramowe &#8211; jedno z najbardziej popularnych rozwi\u0105za\u0144 z dziedziny system\u00f3w bezpiecze\u0144stwa. S\u0142u\u017c\u0105 one do sterowania dost\u0119pem do teren\u00f3w, kt\u00f3rych kontrola jest istotna, takich jak parkingi wielkop\u0142ytkowe, obiekty biurowo-handlowe czy budynki mieszkalne.<\/p>\n\n\n\n<p>Od pocz\u0105tku swego istnienia, technologia ta znacznie u\u0142atwi\u0142a \u017cycie zar\u00f3wno os\u00f3b korzystaj\u0105cych z obiekt\u00f3w, jak i tych odpowiedzialnych za ich bezpiecze\u0144stwo.<\/p>\n\n\n\n<p>Cechy charakterystyczne automat\u00f3w bramowych to m.in.:<\/p>\n\n\n\n<ul class=\"wp-block-list\">\n<li>Automatyczne sterowanie przep\u0142ywem ruchu &#8211; brama zostaje otwarta automatycznie dla pojazdu, kt\u00f3ry dost\u0119pu wymaga, a nast\u0119pnie si\u0119 zamyka.<\/li>\n\n\n\n<li>Kontrola dost\u0119pu &#8211; u\u017cytkownik ma mo\u017cliwo\u015b\u0107 sterowania przep\u0142ywem ruchu, a tak\u017ce ma mo\u017cliwo\u015b\u0107 kontroli indywidualnych kart dost\u0119pu, umo\u017cliwiaj\u0105c\u0105 sterowanie dost\u0119pem do terenu.<\/li>\n\n\n\n<li>Komfort i bezpiecze\u0144stwo &#8211; bramy automatyczne zapewniaj\u0105 bezpiecze\u0144stwo oraz wygod\u0119 zar\u00f3wno u\u017cytkownikom terenu, jak i personelowi odpowiedzialnemu za kontrol\u0119 dost\u0119pu.<\/li>\n<\/ul>\n\n\n\n<p>Aby m\u00f3c skorzysta\u0107 z automat\u00f3w bramowych, warto zainwestowa\u0107 w profesjonalny system kontroli dost\u0119pu, kt\u00f3ry pozwoli na bezpieczny i sprawny zarz\u0105dzanie obiektem. W takim systemie wa\u017cn\u0105 rol\u0119 odgrywaj\u0105 systemy video-surveillance oraz kontroli dost\u0119pu oparty o technologie RFID.<\/p>\n\n\n\n<p>Zalet\u0105 takiego systemu jest r\u00f3wnie\u017c mo\u017cliwo\u015b\u0107 dostosowania go do potrzeb i oczekiwa\u0144 zar\u00f3wno u\u017cytkownik\u00f3w, jak i personelu odpowiedzialnego za zarz\u0105dzanie obiektem.<\/p>\n\n\n\n<p>Dzi\u0119ki technologii RFID oraz kartom dost\u0119pu, mo\u017cliwe jest szybkie i niezawodne sprawdzanie to\u017csamo\u015bci u\u017cytkownik\u00f3w. Ponadto, dzi\u0119ki wprowadzeniu element\u00f3w wizualnych, takich jak wy\u015bwietlacze LED, mo\u017cliwe jest jednoznaczne zidentyfikowanie obiektu, do kt\u00f3rego u\u017cytkownik uzyska\u0142 dost\u0119p.<\/p>\n\n\n\n<p>Zainwestowanie w profesjonalny system automat\u00f3w bramowych, video-surveillance oraz kontroli dost\u0119pu RFID pozwoli na bezpieczne i sprawn\u0105 kontrol\u0119 dost\u0119pu do obiektu. System ten zapewni wygod\u0119 zar\u00f3wno u\u017cytkownikom, jak i personelowi odpowiedzialnemu za kontrol\u0119 dost\u0119pu, oraz skutecznie zapobiegnie nielegalnym przej\u015bciom przez obiekt.<\/p>\n\n\n\n<p>Dlatego te\u017c warto wzi\u0105\u0107 pod uwag\u0119 zainwestowanie w ten system, gdy\u017c z pewno\u015bci\u0105 spe\u0142ni wszystkie oczekiwania i potrzeby zar\u00f3wno u\u017cytkownik\u00f3w, jak i personelu odpowiedzialnego za zarz\u0105dzanie obiektem.<\/p>\n\n\n\n<p>Nawet najwi\u0119ksze obiekty mog\u0105 liczy\u0107 na zalet\u0119 tego systemu, gdy\u017c automaty bramowe zapewni\u0105 zar\u00f3wno bezpiecze\u0144stwo, jak i wygod\u0119 zar\u00f3wno u\u017cytkownikom, jak i personelowi odpowiedzialnemu za zarz\u0105dzanie obiektem.<\/p>\n\n\n\n<p>Aby dowiedzie\u0107 si\u0119 wi\u0119cej o tym rozwi\u0105zaniu, skontaktuj si\u0119 z ekspertami w dziedzinie system\u00f3w bezpiecze\u0144stwa i kontroli dost\u0119pu. Umo\u017cliwi\u0105 oni bezproblemow\u0105 i wygodn\u0105 integracj\u0119 automat\u00f3w bramowych, system\u00f3w video-surveill<\/p>\n","protected":false},"excerpt":{"rendered":"<p>Automaty bramowe &#8211; jedno z najbardziej popularnych rozwi\u0105za\u0144 z dziedziny system\u00f3w bezpiecze\u0144stwa. S\u0142u\u017c\u0105 one do sterowania dost\u0119pem do teren\u00f3w, kt\u00f3rych<\/p>\n","protected":false},"author":1,"featured_media":0,"parent":0,"menu_order":0,"comment_status":"closed","ping_status":"closed","template":"","meta":{"footnotes":""},"class_list":["post-228","page","type-page","status-publish","hentry"],"_links":{"self":[{"href":"https:\/\/isb.info.pl\/index.php\/wp-json\/wp\/v2\/pages\/228","targetHints":{"allow":["GET"]}}],"collection":[{"href":"https:\/\/isb.info.pl\/index.php\/wp-json\/wp\/v2\/pages"}],"about":[{"href":"https:\/\/isb.info.pl\/index.php\/wp-json\/wp\/v2\/types\/page"}],"author":[{"embeddable":true,"href":"https:\/\/isb.info.pl\/index.php\/wp-json\/wp\/v2\/users\/1"}],"replies":[{"embeddable":true,"href":"https:\/\/isb.info.pl\/index.php\/wp-json\/wp\/v2\/comments?post=228"}],"version-history":[{"count":1,"href":"https:\/\/isb.info.pl\/index.php\/wp-json\/wp\/v2\/pages\/228\/revisions"}],"predecessor-version":[{"id":229,"href":"https:\/\/isb.info.pl\/index.php\/wp-json\/wp\/v2\/pages\/228\/revisions\/229"}],"wp:attachment":[{"href":"https:\/\/isb.info.pl\/index.php\/wp-json\/wp\/v2\/media?parent=228"}],"curies":[{"name":"wp","href":"https:\/\/api.w.org\/{rel}","templated":true}]}}